q - 2*t = r*t. List the prime factors of q.
3
Let h(d) be the first derivative of -d**4/6 + 3*d**2/2 + 2. Let b(p) be the second derivative of h(p). What are the prime factors of b(-3)?
2, 3
Let r be 3/(-9) - 7/(-3). Suppose 2 = f - 3*l + 1, 5*f - 44 = r*l. List the prime factors of f.
2, 5
Let s = -4 + 13. Let w be 1/(15/s)*5. List the prime factors of -1 - (-2 - 28)/w.
3
Suppose k - 13 = 21. Suppose 4*h - 74 = k. What are the prime factors of h?
3
Suppose 2*h + h = -180. Let x = h - -84. List the prime factors of x.
2, 3
Let x(z) = z - 7. Let r be x(5). What are the prime factors of (1/r)/(1/(-116))?
2, 29
Let z(v) = v**3 + 13*v**2 + 9*v + 11. What are the prime factors of z(-12)?
47
Let k(l) = l**2 + 5*l + 6. Let d be k(-5). Let s be (-12)/(-2) + 2 + -4. Let z = d + s. What are the prime factors of z?
2, 5
Let u = 2 + -7. Let m = 5 + u. Let j(v) = -v + 5. What are the prime factors of j(m)?
5
Suppose -9 = k + 4*f, -4 = k + 5*f + 8. Suppose 2*t + k*s - 14 - 15 = 0, -15 = 3*s. What are the prime factors of t?
2, 11
Suppose -3*g = 4*x - 1, -x + 4*x + 9 = g. Let f(i) = -i - 2 + 0*i**2 + 4*i**2 - 2*i**2. List the prime factors of f(x).
2
Let h = 208 + -133. Suppose 4*o = 45 + h. What are the prime factors of o?
2, 3, 5
Let o be (-1 + 2 + -2)*0. Suppose o = 5*v + b + b - 52, -2*v + 4*b = -16. List the prime factors of v.
2, 5
Let k(u) = u + 2. Let a be k(-2). Suppose 5*q - 58 + 18 = a. What are the prime factors of q?
2
Let j be (3 - 1)/2*5. Suppose -2*f + j*f = -9. Let n(u) = 2*u**2 + 2*u. List the prime factors of n(f).
2, 3
Suppose 0 = -8*r + 830 + 234. List the prime factors of r.
7, 19
Let n(c) = -c**2 + 13*c + 2. What are the prime factors of n(8)?
2, 3, 7
Suppose 0 = 15*v - 10*v - 445. List the prime factors of v.
89
Suppose 2*j - 11 = -5*h, 3*j - 5*h - 3 = 1. Suppose -i + g = -17, 4*i + j*g - 18 = 29. List the prime factors of i.
2, 7
Let t(i) = i**3 - 8*i**2 + 23*i - 3. List the prime factors of t(7).
109
Let d = -68 + 120. List the prime factors of d.
2, 13
Let t(d) be the first derivative of -d**2 + d + 2*d**3 + 1/4*d**4 - 4. List the prime factors of t(-6).
13
Let x = 2 + 2. Suppose -x*k + 0*b + b = -40, 4*k - 36 = 2*b. List the prime factors of k.
11
Suppose -j + 24 + 3 = 0. Suppose -5*z + 2*t = 50, 2*t + 3 = -5*z - j. What are the prime factors of z/((-1 - 0)*1)?
2
Let o be 19 - -2*3/(-6). Suppose 3*l + o = -0*q + 3*q, 0 = -q - 3*l - 2. What are the prime factors of q?
2
Suppose 6*d = 4*d + 42. Suppose 22*o - 23 = d*o. What are the prime factors of o?
23
Suppose -3*m - 46 = -2*q, -6*q + 56 = -4*q + 2*m. List the prime factors of 3 + q/2 + -3.
13
Let f be 2/3 - 2/3. Suppose 5*c - 2*j + 4*j + 26 = f, -4*c - 30 = -3*j. What are the prime factors of 3 + c - -13 - 1?
3
Suppose 2*l = l + 2. Let x = l + 1. Suppose x + 22 = 5*h. List the prime factors of h.
5
Let s(m) = m**2 - 4*m - 4. Let l be s(5). Let k = 2 + l. Let p = 0 + k. List the prime factors of p.
3
Suppose -5*d - 3*l + 143 = 0, -4*l + 12 = 2*d - 48. What are the prime factors of d?
2, 7
Let c(w) = -w**2 + 11*w - 2. Let h be 1/(2 + (-19)/10). List the prime factors of c(h).
2
Suppose 0 = -5*j - 2*r, j + 5*r + 0*r = 0. Let a = 5 - -15. Suppose -o + 4*o = -5*l + 40, -4*o - a = j. What are the prime factors of l?
11
Suppose 327 = 5*p - 2*p. Suppose 5*z - 3*h = -h + 131, 3*h = 4*z - p. What are the prime factors of z?
5
Suppose 2*v - 3*v - 32 = 4*d, 3*v + 68 = -5*d. List the prime factors of 4/v + (-29)/(-4).
7
Suppose 0 = 37*j - 32*j - 450. List the prime factors of j.
2, 3, 5
Let q(v) = 2*v**3 - v**3 + 1 + 2*v - 2*v**2 - 3*v**2 + 0. List the prime factors of q(5).
11
Let f = -45 - -114. List the prime factors of f.
3, 23
Let h = -62 - -166. What are the prime factors of h?
2, 13
Suppose 20 = -3*u - 2*r, 5*u - 3*r + 33 = -6*r. Let q(y) = -3 - 3*y + 7 - 3*y + y**2 - 2*y**2. List the prime factors of q(u).
2
Let x be 2/(-5)*(-2 - 83). Let i = x - 1. What are the prime factors of i?
3, 11
Suppose -8*n = -9*n + 6. List the prime factors of n.
2, 3
Let k(j) be the first derivative of j**2/2 + 8*j - 1. Let g be k(-6). Suppose -g*b - t = 3 - 32, 17 = b + t. What are the prime factors of b?
2, 3
What are the prime factors of 5/(-10)*6 + 236?
233
Let a = 19 + 21. Suppose 0 = -2*v - 2*w + 40, 2*w - a = -2*v - 3*w. What are the prime factors of v?
2, 5
List the prime factors of (1 + 1)/((-4)/(-58)).
29
Suppose -g = 5*y + 3 + 12, -3*y - 9 = 2*g. Suppose -6 + g = -3*z. List the prime factors of z.
2
Let o be 6/(-9) - (-168)/(-18). What are the prime factors of 124/5 + (-2)/o?
5
Let m = -5 + 5. Suppose m = -2*v + 12 + 36. Let f = -14 + v. What are the prime factors of f?
2, 5
Suppose 3*n + 18 + 93 = 0. Let x = n + 56. List the prime factors of x.
19
Let m = -1 - -3. Suppose 2*v = -h - 3*v + 7, 0 = -3*h - m*v + 8. Suppose 4*n = -2*o + h, o + 0*o - 2*n - 9 = 0. List the prime factors of o.
5
Let w(n) = 2*n**2 + 9*n + 9. List the prime factors of w(-6).
3
Suppose q - 3*j + 74 = 2*q, 3*q - 217 = -4*j. List the prime factors of q.
71
Let c be -13*(1 + (0 - 0)). Let y = 33 + c. Suppose -2*r = 4, y = 5*h + 2*r - 31. List the prime factors of h.
11
Let j(l) = l**2 - 4*l + 1. What are the prime factors of j(8)?
3, 11
Let w = -3 - -8. List the prime factors of 1 + w/((-10)/(-32)).
17
Suppose -4*r + 7 = -1. Suppose -4*c - 24 = -r*y - 2*y, -y - 6 = -5*c. What are the prime factors of y?
3
Suppose 2*l - 7 - 1 = 0. Suppose l*v = -2*a, 3*v + 0 + 11 = 4*a. Suppose -14 - 4 = -a*o. What are the prime factors of o?
3
Let g = 7 + -26. Let w = g + 36. List the prime factors of w.
17
Let o = 29 - 15. Suppose 2*u - h - o = 16, -4*u = -5*h - 72. What are the prime factors of u?
13
Suppose 6*s - 13 = 647. What are the prime factors of s?
2, 5, 11
Let y be (-237)/(-9) + (-2)/(-3). Let g = y - 18. What are the prime factors of g?
3
What are the prime factors of 615/10 - 3/(-2)?
3, 7
Let y be -3 - (-3 + 0 + -5). Suppose 2*m - 26 = -5*z, m - 3 - y = -5*z. List the prime factors of m.
2, 3
List the prime factors of (-3280)/(-150) + 2/15.
2, 11
Let y(k) = -k + 7. Let c be y(7). Suppose -40 = -4*q - c*q. What are the prime factors of q?
2, 5
Let l be (-4 - -2)/(0 + -1). Let b = l - -1. Suppose -b*c + 3 + 6 = 0. List the prime factors of c.
3
Let z = 65 + -24. List the prime factors of z.
41
Suppose 22 = -7*n + 239. List the prime factors of n.
31
Suppose -4*w + 2*w = -14. Let i(o) = 6*o**2 + 9*o - 4. Let k(p) = 5*p**2 + 9*p - 3. Let q(f) = w*k(f) - 6*i(f). List the prime factors of q(8).
11
Let g = 38 + -15. List the prime factors of g.
23
List the prime factors of (18/27)/(4/54).
3
Let a(g) = g + 4. Let i be a(-2). Let s = -19 + i. Let v = s - -29. List the prime factors of v.
2, 3
Let u = 14 - -2. What are the prime factors of u?
2
Let x(v) = 8*v. Let w be x(-1). Let n(q) = -q - 8. Let p be n(w). Suppose p = -s + 2*s - 17. List the prime factors of s.
17
What are the prime factors of (502/(-2))/(10 + -11)?
251
Suppose -5 = p + 4*p. Let n be -2 + 0 + p + 13. List the prime factors of (3 - -2)*8/n.
2
Let f be (-6 - -3)*(-50)/(-3). Let k = -34 - f. What are the prime factors of k?
2
Let r(n) = n**2 + 6*n + 11. Suppose -4*c + 48 = -5*o, 2*c + c = 2*o + 22. What are the prime factors of r(o)?
3
Let m(z) = -z. Let w(r) = r**2 - 5*r - 1. Let i be w(4). What are the prime factors of m(i)?
5
Let v be 56/9 + 4/(-18). Let w = -4 + v. List the prime factors of w.
2
Let d(n) = -n**3 + 5*n**2 + 8*n - 9. Let y be d(6). Suppose a - y*a = 10. List the prime factors of (-1 - a) + 0 + 0.
2
Suppose 3*m - 2992 + 706 = 0. List the prime factors of m/21 - (-4)/(-14).
2, 3
Let o(r) = -r**2 - 8*r + 8. Let v be o(-7). Let q = 27 - v. What are the prime factors of q?
2, 3
Let u be (2/3)/(1/3). Suppose 3*k + 2*k = -3*p - 11, -5*p + 3*k = -27. Suppose -u*f = p*f - 40. List the prime factors of f.
2
Let z = 4 - 10. Let c(b) = b**3 + 7*b**2 + 5*b + 8. What are the prime factors of c(z)?
2, 7
Let u be 3/(-3)*-2*11. Suppose 3*t - u = 17. List the prime factors of t.
13
Suppose 24 = 3*x - x. Suppose 4*l - x = -s, 0 = 4*s - 6*l + 3*l - 86. Suppose s = -5*a + 65. What are the prime factors of a?
3
Let v(m) = -5*m - 5. What are the prime factors of v(-3)?
2, 5
Suppose -6*m + 11*m - 600 = 0. List the prime factors of m.
2, 3, 5
Let o(v) = v**2 + 5*v - 6. Let